{"id":13080,"date":"2016-09-15T15:57:52","date_gmt":"2016-09-15T15:57:52","guid":{"rendered":"http:\/\/www.strugagames.be\/homepage-app-design\/"},"modified":"2025-01-12T02:09:42","modified_gmt":"2025-01-12T01:09:42","slug":"homepage-app-design","status":"publish","type":"page","link":"https:\/\/www.strugagames.be\/","title":{"rendered":"Accueil"},"content":{"rendered":"<div class=\"wpb-content-wrapper\"><p>[vc_row columns_gap=&#8221;10&#8243;][vc_column width=&#8221;1\/4&#8243;][\/vc_column][vc_column column_effect=&#8221;mouse-move-x-y&#8221; width=&#8221;1\/2&#8243;]<div class=\"grve-element grve-image grve-align-center\" style=\"\">  <div class=\"grve-image-wrapper\"><img loading=\"lazy\" decoding=\"async\" width=\"300\" height=\"153\" src=\"https:\/\/www.strugagames.be\/wp-content\/uploads\/2018\/04\/logo1-300x153.jpg\" class=\"attachment-medium size-medium\" alt=\"\" srcset=\"https:\/\/www.strugagames.be\/wp-content\/uploads\/2018\/04\/logo1-300x153.jpg 300w, https:\/\/www.strugagames.be\/wp-content\/uploads\/2018\/04\/logo1-768x392.jpg 768w, https:\/\/www.strugagames.be\/wp-content\/uploads\/2018\/04\/logo1-1024x523.jpg 1024w, https:\/\/www.strugagames.be\/wp-content\/uploads\/2018\/04\/logo1.jpg 1088w\" sizes=\"auto, (max-width: 300px) 100vw, 300px\" \/>   <\/div><\/div>[vc_column_text]Struga Games est un placeur de jeux \u00e0 Bruxelles qui d\u00e9tient une &#8220;licence E&#8221; de la commission des jeux. Toutes nos machines sont aux normes et contr\u00f4l\u00e9es activement par la commission des jeux de hasard.<\/p>\n<p>Nous apportons une grande importance \u00e0 fournir un service de qualit\u00e9 \u00e0 nos clients cafetiers.<\/p>\n<p style=\"text-align: center;\">\u00ab\u00a0<em>The fun never stops<\/em>\u00a0\u00bb est notre devise. Nous mettons tout en place pour que les joueurs puissent se divertir au maximum sur nos machines.<\/p>\n<p class=\"p1\" style=\"text-align: center;\"><span class=\"s1\">\u00a0<\/span><\/p>\n<p>[\/vc_column_text][\/vc_column][vc_column width=&#8221;1\/4&#8243;][\/vc_column][\/vc_row][vc_row bg_type=&#8221;image&#8221; bg_image=&#8221;16557&#8243; bg_image_size=&#8221;responsive&#8221; columns_gap=&#8221;15&#8243; font_color=&#8221;#ffffff&#8221;][vc_column column_effect=&#8221;vertical-parallax&#8221; column_effect_limit=&#8221;4x&#8221; column_custom_position=&#8221;yes&#8221; position_top=&#8221;minus-4x&#8221; el_class=&#8221;grve-drop-shadow&#8221; css=&#8221;.vc_custom_1527167671679{padding-right: 25% !important;padding-left: 25% !important;background-color: rgba(255,255,255,0.85) !important;*background-color: rgb(255,255,255) !important;border-radius: 5px !important;}&#8221; font_color=&#8221;#757575&#8243;]<div class=\"grve-empty-space grve-height-1x\" style=\"\"><\/div><h2 class=\"grve-element grve-title grve-align-center grve-h1 grve-increase-heading grve-heading-140\" style=\"\"><span><strong>Financement &amp; cession<\/strong><\/span><\/h2>[vc_column_text]<\/p>\n<p style=\"text-align: center;\"><span style=\"color: #000000;\"><strong>Vous souhaitez d\u00e9marrer un nouveau caf\u00e9 ou acqu\u00e9rir un caf\u00e9 existant \u00e0 Bruxelles ou en p\u00e9riph\u00e9rie?<\/strong><\/span><\/p>\n<p style=\"text-align: center;\"><span style=\"color: #000000;\">Struga Games vous supporte dans votre projet \u00e0 tous les niveaux\u00a0: conseils, support juridique pour les contrats et les d\u00e9marches \u00e0 suivre, pr\u00eat et aide financi\u00e8re pour lancer l\u2019activit\u00e9, les investissements de mat\u00e9riel ou la r\u00e9novation de votre \u00e9tablissement.<\/span><\/p>\n<p style=\"text-align: center;\"><span style=\"color: #000000;\">Vous avez l\u2019intention de reprendre un bail horeca mais vous souhaitez \u00eatre conseill\u00e9 afin de valider le cadre juridique et l\u00e9gal\u00a0? Struga Games met ses juristes \u00e0 votre disposition afin de vous apporter toutes les r\u00e9ponses n\u00e9cessaires pour bien d\u00e9marrer votre projet.<\/span><\/p>\n<p>[\/vc_column_text]<div class=\"grve-empty-space\" style=\"height: 40px;\"><\/div><div class=\"grve-element grve-image grve-align-center\" style=\"\">  <div class=\"grve-image-wrapper\"><img loading=\"lazy\" decoding=\"async\" width=\"1000\" height=\"1000\" src=\"https:\/\/www.strugagames.be\/wp-content\/uploads\/2018\/05\/pjimage.jpg\" class=\"attachment-full size-full\" alt=\"\" srcset=\"https:\/\/www.strugagames.be\/wp-content\/uploads\/2018\/05\/pjimage.jpg 1x,https:\/\/www.strugagames.be\/wp-content\/uploads\/2018\/05\/pjimage.jpg 2x\" \/>   <\/div><\/div><div class=\"grve-empty-space\" style=\"height: 40px;\"><\/div>[\/vc_column][\/vc_row][vc_row section_type=&#8221;fullwidth&#8221; bg_type=&#8221;color&#8221; padding_top_multiplier=&#8221;2x&#8221; bg_color=&#8221;#ecf0f4&#8243;][vc_column width=&#8221;1\/3&#8243; css=&#8221;.vc_custom_1527157119462{padding-right: 10% !important;padding-left: 10% !important;}&#8221; el_class=&#8221;nos-machines&#8221;]<div class=\"grve-element grve-image grve-align-center\" style=\"\">  <div class=\"grve-image-wrapper\"><img loading=\"lazy\" decoding=\"async\" width=\"300\" height=\"300\" src=\"https:\/\/www.strugagames.be\/wp-content\/uploads\/2018\/05\/montana-deluxe-2-1.png\" class=\"attachment-full size-full\" alt=\"\" srcset=\"https:\/\/www.strugagames.be\/wp-content\/uploads\/2018\/05\/montana-deluxe-2-1.png 1x,https:\/\/www.strugagames.be\/wp-content\/uploads\/2018\/05\/montana-deluxe-2-1.png 2x\" \/>   <\/div><\/div><h3 class=\"grve-element grve-title grve-align-left grve-h3\" style=\"\"><span><span class=\"grve-text-primary-1\">01. <\/span><strong>Montana De Luxe 2<\/strong><\/span><\/h3>[vc_column_text]Le Montana de Luxe, construit par la soci\u00e9t\u00e9 belge Splin<\/p>\n<p>Dimension: 135x68x133 cm<\/p>\n<p><a class=\"show_hide\" href=\"https:\/\/www.strugagames.be\/?page_id=16563\" data-content=\"toggle-text\">Lire la suite<\/a>[\/vc_column_text][\/vc_column][vc_column width=&#8221;1\/3&#8243; css=&#8221;.vc_custom_1527157093831{padding-right: 10% !important;padding-left: 10% !important;}&#8221; el_class=&#8221;nos-machines&#8221;]<div class=\"grve-element grve-image grve-align-center\" style=\"\">  <div class=\"grve-image-wrapper\"><img loading=\"lazy\" decoding=\"async\" width=\"300\" height=\"300\" src=\"https:\/\/www.strugagames.be\/wp-content\/uploads\/2018\/05\/slot-arizona-joker.png\" class=\"attachment-full size-full\" alt=\"\" srcset=\"https:\/\/www.strugagames.be\/wp-content\/uploads\/2018\/05\/slot-arizona-joker.png 1x,https:\/\/www.strugagames.be\/wp-content\/uploads\/2018\/05\/slot-arizona-joker.png 2x\" \/>   <\/div><\/div><h3 class=\"grve-element grve-title grve-align-left grve-h3\" style=\"\"><span><span class=\"grve-text-primary-1\">02.\u00a0<\/span><strong>Slot Arizona Joker<\/strong><\/span><\/h3>[vc_column_text]Le Montana de Luxe est construit par la soci\u00e9t\u00e9 belge Splin.<\/p>\n<p>Dimension: 63x51x183 cm<\/p>\n<p><a class=\"show_hide\" href=\"https:\/\/www.strugagames.be\/?page_id=16563\" data-content=\"toggle-text\">Lire la suite<\/a>[\/vc_column_text][\/vc_column][vc_column width=&#8221;1\/3&#8243; css=&#8221;.vc_custom_1527157148917{padding-right: 10% !important;padding-left: 10% !important;}&#8221; el_class=&#8221;nos-machines&#8221;]<div class=\"grve-element grve-image grve-align-center\" style=\"\">  <div class=\"grve-image-wrapper\"><img loading=\"lazy\" decoding=\"async\" width=\"300\" height=\"300\" src=\"https:\/\/www.strugagames.be\/wp-content\/uploads\/2018\/05\/slot-montana-joker.png\" class=\"attachment-full size-full\" alt=\"\" srcset=\"https:\/\/www.strugagames.be\/wp-content\/uploads\/2018\/05\/slot-montana-joker.png 1x,https:\/\/www.strugagames.be\/wp-content\/uploads\/2018\/05\/slot-montana-joker.png 2x\" \/>   <\/div><\/div><h3 class=\"grve-element grve-title grve-align-left grve-h3\" style=\"\"><span><span class=\"grve-text-primary-1\">03. <\/span><strong>Slot Montana Joker<\/strong><\/span><\/h3>[vc_column_text]Le Montana de Luxe est construit par la soci\u00e9t\u00e9 belge Splin.<\/p>\n<p>Dimension: 60x50x200 cm<\/p>\n<p><a class=\"show_hide\" href=\"https:\/\/www.strugagames.be\/?page_id=16563\" data-content=\"toggle-text\">Lire la suite<\/a>[\/vc_column_text][\/vc_column][\/vc_row][vc_row bg_type=&#8221;image&#8221; bg_image=&#8221;16544&#8243; bg_image_type=&#8221;parallax&#8221; bg_image_size=&#8221;responsive&#8221;][vc_column 0=&#8221;&#8221;][vc_row_inner 0=&#8221;&#8221;][vc_column_inner css=&#8221;.vc_custom_1527166719408{margin-bottom: 30px !important;}&#8221;]<h2 class=\"grve-element grve-title grve-align-left grve-h1 grve-increase-heading grve-heading-140\" style=\"\"><span><br>\n<h1 style=\"text-align: center;\">Frequently Ask Question<\/h1>\n<\/span><\/h2>[\/vc_column_inner][\/vc_row_inner][vc_row_inner css=&#8221;.vc_custom_1527166862246{padding-top: 15px !important;padding-bottom: 15px !important;background-color: #ffffff !important;}&#8221;][vc_column_inner width=&#8221;1\/2&#8243;][vc_tta_accordion 0=&#8221;&#8221;][vc_tta_section title=&#8221;Les cafetiers ont-ils besoin d\u2019une licence pour installer des bingos?&#8221; tab_id=&#8221;1523886526229-37c26767-e5ab&#8221;][vc_column_text 0=&#8221;&#8221;]Les cafetiers qui souhaitent se munir de machines bingo doivent obtenir une licence de la commission de jeux.[\/vc_column_text][\/vc_tta_section][vc_tta_section title=&#8221;Combien de bingos peut-on installer dans une caf\u00e9?&#8221; tab_id=&#8221;1523886526229-3099b8e4-0975&#8243;][vc_column_text 0=&#8221;&#8221;]Le nombre de bingos est limit\u00e9 \u00e0 2 par caf\u00e9.[\/vc_column_text][\/vc_tta_section][vc_tta_section title=&#8221;Le cafetier ou le placeur peuvent-ils influencer les r\u00e9sultats ?&#8221; tab_id=&#8221;1523886748795-583550b0-909e&#8221;][vc_column_text 0=&#8221;&#8221;]Les machines sont contr\u00f4l\u00e9es par la commission des jeux. Le placeur et le caf\u00e9 d\u00e9tiennent une licence et sont contr\u00f4l\u00e9s par la commission des jeux. Les r\u00e9parations sont effectu\u00e9es par des techniciens qui ont une licence. La machine d\u00e9cide elle-m\u00eame et personne ne sait ou ne peut influencer les r\u00e9sultats.[\/vc_column_text][\/vc_tta_section][vc_tta_section title=&#8221;Le jeu est-il r\u00e9serv\u00e9 aux majeurs \u00e0 partir 21 ans ?&#8221; tab_id=&#8221;1523886796797-59930fa6-4641&#8243;][vc_column_text 0=&#8221;&#8221; css=&#8221;&#8221;]Les joueurs doivent \u00eatre \u00e2g\u00e9s de plus de 21 ans depuis 2024. Le bingo est \u00e9quip\u00e9 d\u2019une lecteur de carte d\u2019identit\u00e9 pour contr\u00f4ler l\u2019\u00e2ge du joueur.[\/vc_column_text][\/vc_tta_section][\/vc_tta_accordion][vc_column_text 0=&#8221;&#8221;]<strong><a class=\"faq-readmore\" href=\"https:\/\/www.strugagames.be\/?page_id=14772\"><span lang=\"fr\">Lire la suite<\/span><\/a><\/strong>[\/vc_column_text][\/vc_column_inner][vc_column_inner width=&#8221;1\/2&#8243;]<video class=\"grve-element grve-embed-video\"  loop=\"loop\" muted=\"muted\" autoplay=\"autoplay\" poster=\"https:\/\/www.strugagames.be\/wp-content\/uploads\/2018\/04\/bar-2209813_960_720.jpg\"><\/video>[\/vc_column_inner][\/vc_row_inner][\/vc_column][\/vc_row]<\/p>\n<\/div>","protected":false},"excerpt":{"rendered":"<p>Has ad laudem impedit assueverit, vim ne corpora invenire. Consul salutatus voluptaria te mei, ei ullum liberavisse usu.<\/p>\n","protected":false},"author":1,"featured_media":13445,"parent":0,"menu_order":0,"comment_status":"closed","ping_status":"closed","template":"","meta":{"_exactmetrics_skip_tracking":false,"_exactmetrics_sitenote_active":false,"_exactmetrics_sitenote_note":"","_exactmetrics_sitenote_category":0,"footnotes":""},"class_list":["post-13080","page","type-page","status-publish","has-post-thumbnail","hentry"],"_links":{"self":[{"href":"https:\/\/www.strugagames.be\/index.php?rest_route=\/wp\/v2\/pages\/13080","targetHints":{"allow":["GET"]}}],"collection":[{"href":"https:\/\/www.strugagames.be\/index.php?rest_route=\/wp\/v2\/pages"}],"about":[{"href":"https:\/\/www.strugagames.be\/index.php?rest_route=\/wp\/v2\/types\/page"}],"author":[{"embeddable":true,"href":"https:\/\/www.strugagames.be\/index.php?rest_route=\/wp\/v2\/users\/1"}],"replies":[{"embeddable":true,"href":"https:\/\/www.strugagames.be\/index.php?rest_route=%2Fwp%2Fv2%2Fcomments&post=13080"}],"version-history":[{"count":89,"href":"https:\/\/www.strugagames.be\/index.php?rest_route=\/wp\/v2\/pages\/13080\/revisions"}],"predecessor-version":[{"id":16645,"href":"https:\/\/www.strugagames.be\/index.php?rest_route=\/wp\/v2\/pages\/13080\/revisions\/16645"}],"wp:featuredmedia":[{"embeddable":true,"href":"https:\/\/www.strugagames.be\/index.php?rest_route=\/wp\/v2\/media\/13445"}],"wp:attachment":[{"href":"https:\/\/www.strugagames.be\/index.php?rest_route=%2Fwp%2Fv2%2Fmedia&parent=13080"}],"curies":[{"name":"wp","href":"https:\/\/api.w.org\/{rel}","templated":true}]}}